{"id":2,"date":"2025-07-25T12:46:56","date_gmt":"2025-07-25T12:46:56","guid":{"rendered":"https:\/\/zamboconson.com\/?page_id=2"},"modified":"2026-01-07T14:14:16","modified_gmt":"2026-01-07T14:14:16","slug":"sample-page","status":"publish","type":"page","link":"https:\/\/zamboconson.de\/","title":{"rendered":"Live Salsa &amp; Timba mit Zambo con Son"},"content":{"rendered":"\n<h2 class=\"wp-block-heading has-large-font-size\">Erleben Sie lateinamerikanische Energie und Lebensfreude live<\/h2>\n\n\n\n<p class=\"has-medium-font-size\">Mitrei\u00dfende Rhythmen, tanzbare Salsamusik, karibisches Flair und Lebensfreude \u2013 das ist \u201eZambo con Son\u201c: Eine Latin-Liveband mit internationalen Musikern, die von Salsa, und Cha-Cha \u00fcber Son bis Timba Cubana eine breit gef\u00e4cherte Setlist 100% live auf die B\u00fchne bringen.<\/p>\n\n\n\n<p class=\"has-medium-font-size\">Improvisation und der direkte Dialog mit dem Publikum machen jedes Konzert einzigartig- voller Leidenschaft, Energie und garantiert tanzbar.<\/p>\n\n\n\n<div class=\"wp-block-columns is-layout-flex wp-container-core-columns-is-layout-9d6595d7 wp-block-columns-is-layout-flex\">\n<div class=\"wp-block-column is-layout-flow wp-block-column-is-layout-flow\">\n<figure class=\"wp-block-embed is-type-video is-provider-youtube wp-block-embed-youtube\"><div class=\"wp-block-embed__wrapper\">\n<iframe loading=\"lazy\" title=\"\u00bfD\u00f3nde Zambo va a tocar?  (De la timba a Pogolotti) - Zambo Con Son @\u00a0TollwoodFestival\" width=\"800\" height=\"450\" src=\"https:\/\/www.youtube.com\/embed\/4DW_qSkznjw?feature=oembed\" frameborder=\"0\" allow=\"accelerometer; autoplay; clipboard-write; encrypted-media; gyroscope; picture-in-picture; web-share\" referrerpolicy=\"strict-origin-when-cross-origin\" allowfullscreen><\/iframe>\n<\/div><\/figure>\n\n\n\n<p><\/p>\n\n\n\n<figure class=\"wp-block-embed is-type-video is-provider-youtube wp-block-embed-youtube\"><div class=\"wp-block-embed__wrapper\">\n<iframe loading=\"lazy\" title=\"Zambo Con Son - Ni bombones ni caramelos @ Hirschau Festsaal M\u00fcnchen #livemusic\" width=\"800\" height=\"450\" src=\"https:\/\/www.youtube.com\/embed\/8DbE6iuqG8U?feature=oembed\" frameborder=\"0\" allow=\"accelerometer; autoplay; clipboard-write; encrypted-media; gyroscope; picture-in-picture; web-share\" referrerpolicy=\"strict-origin-when-cross-origin\" allowfullscreen><\/iframe>\n<\/div><\/figure>\n\n\n\n<p class=\"has-white-color has-text-color has-link-color wp-elements-781f589b899e600202d63340a8f3228b\">Live Salsa aus M\u00fcnchen<\/p>\n<\/div>\n\n\n\n<div class=\"wp-block-column is-layout-flow wp-block-column-is-layout-flow\">\n<figure class=\"wp-block-embed is-type-video is-provider-youtube wp-block-embed-youtube\"><div class=\"wp-block-embed__wrapper\">\n<iframe loading=\"lazy\" title=\"Zambo Con Son  - De la Timba a Pogolotti @\u00a0Restaurante Portugal M\u00fcnchen #livemusic\" width=\"800\" height=\"450\" src=\"https:\/\/www.youtube.com\/embed\/RhYOhZqSt4Q?feature=oembed\" frameborder=\"0\" allow=\"accelerometer; autoplay; clipboard-write; encrypted-media; gyroscope; picture-in-picture; web-share\" referrerpolicy=\"strict-origin-when-cross-origin\" allowfullscreen><\/iframe>\n<\/div><\/figure>\n\n\n\n<p><\/p>\n\n\n\n<figure class=\"wp-block-embed is-type-video is-provider-youtube wp-block-embed-youtube\"><div class=\"wp-block-embed__wrapper\">\n<iframe loading=\"lazy\" title=\"Zambo Con Son - Prende el fogon@TollwoodFestival #livemusic\" width=\"800\" height=\"450\" src=\"https:\/\/www.youtube.com\/embed\/t2O4kMlYbSQ?feature=oembed\" frameborder=\"0\" allow=\"accelerometer; autoplay; clipboard-write; encrypted-media; gyroscope; picture-in-picture; web-share\" referrerpolicy=\"strict-origin-when-cross-origin\" allowfullscreen><\/iframe>\n<\/div><\/figure>\n<\/div>\n<\/div>\n\n\n\n<hr class=\"wp-block-separator has-alpha-channel-opacity\"\/>\n\n\n\n<h1 class=\"wp-block-heading\">Wir freuen uns auf Ihre Anfrage<\/h1>\n\n\n\n<p class=\"has-medium-font-size\" style=\"padding-top:0;padding-bottom:0\">Tel.: +49 176 21948769 I booking@zamboconson.de<\/p>\n\n\n\n<p><\/p>\n","protected":false},"excerpt":{"rendered":"<p>Erleben Sie lateinamerikanische Energie und Lebensfreude live Mitrei\u00dfende Rhythmen, tanzbare Salsamusik, karibisches Flair und Lebensfreude \u2013 das ist \u201eZambo con Son\u201c: Eine Latin-Liveband mit internationalen Musikern, die von Salsa, und Cha-Cha \u00fcber Son bis Timba Cubana eine breit gef\u00e4cherte Setlist 100% live auf die B\u00fchne bringen. Improvisation und der direkte Dialog mit dem Publikum machen <a href=\"https:\/\/zamboconson.de\/\" class=\"read-more inline\">Read More<\/a><\/p>\n","protected":false},"author":1,"featured_media":0,"parent":0,"menu_order":0,"comment_status":"closed","ping_status":"open","template":"","meta":{"footnotes":""},"class_list":["post-2","page","type-page","status-publish","hentry"],"_links":{"self":[{"href":"https:\/\/zamboconson.de\/index.php?rest_route=\/wp\/v2\/pages\/2","targetHints":{"allow":["GET"]}}],"collection":[{"href":"https:\/\/zamboconson.de\/index.php?rest_route=\/wp\/v2\/pages"}],"about":[{"href":"https:\/\/zamboconson.de\/index.php?rest_route=\/wp\/v2\/types\/page"}],"author":[{"embeddable":true,"href":"https:\/\/zamboconson.de\/index.php?rest_route=\/wp\/v2\/users\/1"}],"replies":[{"embeddable":true,"href":"https:\/\/zamboconson.de\/index.php?rest_route=%2Fwp%2Fv2%2Fcomments&post=2"}],"version-history":[{"count":74,"href":"https:\/\/zamboconson.de\/index.php?rest_route=\/wp\/v2\/pages\/2\/revisions"}],"predecessor-version":[{"id":270,"href":"https:\/\/zamboconson.de\/index.php?rest_route=\/wp\/v2\/pages\/2\/revisions\/270"}],"wp:attachment":[{"href":"https:\/\/zamboconson.de\/index.php?rest_route=%2Fwp%2Fv2%2Fmedia&parent=2"}],"curies":[{"name":"wp","href":"https:\/\/api.w.org\/{rel}","templated":true}]}}